j = -26 + 27. Let n be m(j). Suppose 0 = -a - 4*g + 1099, a - 2*a + 4*g + 1131 = n. Is a a composite number?
True
Is 217/49 + -5 - 9013527/(-21) composite?
True
Let d = 90 + -20. Let w = 1601 + -2072. Let o = d - w. Is o composite?
False
Let g(p) = -89*p - 35. Let l be g(-2). Suppose 0 = -l*h + 124*h + 10583. Is h a composite number?
False
Let c(p) = -p**3 + 5*p**2 + 5*p + 2. Let a be c(-4). Suppose 6 - 4 = -o, 2*k = 2*o - 54. Let v = k + a. Is v a prime number?
True
Let d = 41 - 2. Let q(y) = -y**3 + 78*y**2 + 69*y - 55. Is q(d) a prime number?
False
Let z = -33 + 33. Let y be ((-128)/(-6) + z)/(4/18). Suppose -239 - y = -5*l. Is l composite?
False
Let q(m) be the third derivative of -571*m**6/120 + m**5/15 + m**4/12 + 7*m**3/3 - 11*m**2 + 2. Is q(-5) prime?
True
Let g = -698 + 1295. Suppose 3338 + g = l. Suppose -7*x + 4332 = -l. Is x composite?
False
Let r(d) = -d**2 + 7*d - 7. Let p be r(13). Let y = 88 + p. Suppose 3*z + 2133 = -2*f + 15721, y*z = 5*f - 33991. Is f prime?
False
Let l = -756671 + 1154380. Is l a composite number?
True
Suppose 0 = 2*z - 157 + 137. Let r(q) = 15*q**2 + 7*q - 11. Is r(z) a prime number?
True
Suppose 2*a - 2*l = 158278, -2*a + 3*l + 12089 + 146193 = 0. Let z = a + -49188. Is z composite?
False
Let h = -313 + 340. Let z(g) = -g**3 + 37*g**2 - 54*g + 121. Is z(h) prime?
True
Let h = -2657 + 7422. Suppose 5*c - 4765 = 3*t, -3*c = -8*c - 4*t + h. Is c a composite number?
False
Let s = -89 - -97. Is s/12*72 - 5 composite?
False
Let g(z) = 3 + 28 - 39*z**2 + 9*z + 158*z**2 - 53*z**2. Is g(-6) composite?
True
Suppose 14134 - 912008 = -16*l - 41090. Is l prime?
True
Suppose 3056*p + 9815408 = 3072*p. Is p a composite number?
False
Suppose 3*q + 12 = i + 7*q, 0 = -2*i + 5*q - 2. Suppose 0 = i*k + 15*k - 49381. Is k composite?
True
Is ((1 - 0) + 103 + 161378)*1/2 composite?
True
Let p(o) = -3*o**2 + 16*o - 232. Let q(v) = -11*v**2 + 66*v - 926. Let m(k) = -9*p(k) + 2*q(k). Is m(11) composite?
False
Suppose 0 = 5*b - 3*b - 4*m - 20, 0 = -3*b + 2*m + 10. Suppose b = 4*o + 8, 2455 = 3*k + 2*o - 7*o. Is k a composite number?
True
Let o = 159519 - -86632. Is o prime?
True
Suppose -3*u + 101*s = 102*s - 1791900, 2986496 = 5*u + 3*s. Is u a composite number?
False
Suppose 203354541 = 74*w + 38*w + 437*w. Is w composite?
True
Suppose 3*h - 20 = -5*a - 2*h, a - 4*h = 19. Suppose a*i = 8*i + 7. Is 496/2 + i/7 + 4 a prime number?
True
Let q = 272645 + -60418. Is q a composite number?
False
Let s(v) = 2*v**2 + 62*v + 120. Let c be s(-29). Suppose 4*m - 5*f + 4*f - 3008 = 0, m = c*f + 767. Is m a composite number?
False
Let q(m) = m**3 + 4*m**2 - 5*m + 5833. Is q(0) prime?
False
Let v(c) = 11*c + 80. Let b be v(-6). Suppose -b*i + 34716 = -2*i. Is i a prime number?
False
Suppose -2*b = -r + 3*r + 56, -2*r + 5*b = 63. Let z(g) = -34*g + 7. Is z(r) a composite number?
True
Let r(k) = 20*k**2 - 7. Let s be r(2). Suppose 77*x = s*x + 70412. Is x composite?
True
Let w = -39964 - -129225. Is w composite?
False
Let q = 75 + -75. Suppose 5849 = 2*r - q*r + 3*k, -3*r + 8764 = -5*k. Is r composite?
True
Let m(t) = 103*t**3 - t**2 - 7*t - 15. Let z be m(5). Let n = z + -5013. Is n composite?
True
Suppose -1425119 = -5*z + 4*b - 6396, 3*b - 9 = 0. Is z a composite number?
True
Let o be 6069/(-255) + 1/(-5). Is (7 + o/6)*(-3389)/(-3) a composite number?
False
Suppose -2675*z + 2677*z - 63830 = 2*p, z + p - 31899 = 0. Is z a prime number?
True
Let v(l) = -13985*l + 4418. Is v(-27) a composite number?
True
Let i = 25235 + 112398. Is i composite?
False
Suppose -j = 3*d - 38 + 10, d + 54 = 3*j. Suppose -j*n - 2*n = -99939. Is n a prime number?
True
Let q(d) = -d**3 - d**2 + 37. Suppose -7*c + 8*c = 2. Suppose -m = c*m. Is q(m) a composite number?
False
Let i(j) = -11*j**2 - 16*j - 11. Let k(n) = 10*n**2 + n. Let t(l) = i(l) + 2*k(l). Suppose -56 = 2*u + 2*u. Is t(u) prime?
True
Let f(k) = -252*k**3 + 8*k**2 + 70*k + 123. Is f(-4) a prime number?
False
Suppose -1433374 - 1992542 = -52*c. Is c a composite number?
True
Let j(c) = -507*c**3 + c**2 - 4*c - 1. Let p(v) = 10*v + 67. Let f be p(-7). Is j(f) prime?
True
Let q be (4 + -5)/((6/(-4))/3). Suppose -5*j - 2771 = -q*w, 3*w - 3*j = -w + 5535. Suppose -t + 0*t + 6819 = 5*l, l + 5*t - w = 0. Is l composite?
True
Is ((-217161)/(-6) - 14/(-28)) + 5 a prime number?
False
Suppose -d + 19605 = -u - 3*d, -78438 = 4*u + 2*d. Let h = 46654 + u. Is h composite?
False
Let s be -4814 - (9/(9/4) - 8). Let l = s - -8061. Is l a prime number?
True
Suppose 0 = -15*l + 19*l + 2*r - 8176, 0 = -3*l + 3*r + 6114. Let p = l - 1279. Is p a prime number?
False
Suppose 0 = 3*g + 26 - 80. Let s = -177 + g. Is (2 + 14/(-6))*s composite?
False
Let g be (-6)/60*5*-46. Suppose 30234 = -17*o + g*o. Is o prime?
True
Let g = 58 + -151. Let w be (-1 + g)/1*-1. Let j = w - -3. Is j prime?
True
Let t = -39 + 46. Suppose 16959 = t*v - 49149. Suppose v = -2*m + 14*m. Is m prime?
True
Suppose v - 2*r + 2 = 0, 3*r - 1 = -v + 2*v. Let i(z) = 2*z**2 + 10*z + 2. Let l be i(v). Is (-586 + 0)/(-5*l/(-15)) prime?
True
Suppose -104*i = -97*i - 90587. Let d = i + -8950. Is d prime?
False
Let r(c) = -23*c - 17. Let g be r(-9). Suppose -7*a = -g - 454. Suppose -3*h + a = -73. Is h prime?
False
Suppose -1612 = -4*s + 104. Let w be (-2)/18 + (13452810/(-270))/(-47). Let p = w - s. Is p composite?
False
Is 1/(-2) + (-13)/((-208)/12325656) prime?
True
Suppose 0 = 16*k + 10*k + 3*k. Suppose -11*i + 78263 + 64088 = k. Is i composite?
False
Suppose 0 = -5*b + 20, -7*b + 12*b + 6276 = 4*m. Is m a composite number?
True
Suppose 4*d + 3419 = 3*d. Let k = d - -1461. Let s = -1039 - k. Is s composite?
False
Suppose 212*o - 192*o = 390580. Is o a prime number?
False
Let g = 313 + -293. Is 162840/g - ((0 - 3) + 4) a prime number?
False
Is (105/56)/(-15) - 708285/(-40) composite?
False
Suppose 22*y = 23*y - 866. Suppose 3*j = -3*z + 2670, -j + z = -4*z - y. Let o = j - 429. Is o prime?
True
Suppose -17092 + 4 = -12*a. Let g be ((-21)/(-15) + -1)*-5. Is (g - a/(-6)) + (-11)/33 prime?
False
Let p(j) be the third derivative of -j**6/12 - 7*j**5/30 - j**4/24 - j**3/2 - 15*j**2. Let x be p(-7). Let i = x + -1493. Is i prime?
False
Let v(n) = -n - 41. Let f be v(11). Is (-26)/f*(-2 + 901 + -1) composite?
False
Suppose 0 = 2*w, -2*x - 9*w = -6*w. Is (-16797 + x/(-5))*(-1)/3 prime?
False
Suppose 0 = -0*v - v + 4*f + 16, -3*f - 9 = 0. Suppose 0 = -d - v*q + 2940, 4*d + 5*q - 4*q - 11700 = 0. Let g = d - -93. Is g prime?
False
Suppose -3*n + 2108 = -4*x, 2*n + x + 3*x - 1392 = 0. Let j = 1777 - n. Let q = j - 496. Is q a prime number?
False
Suppose 3*s + 2*w - 62 = 0, 0 = -0*w + 2*w + 10. Suppose -s*o + 6*o + 54522 = 0. Is o composite?
True
Is ((146/803)/(30/33))/(2/904990) prime?
True
Let m(n) = -402*n**3 - n**2 + n + 3. Let k be m(-1). Suppose -t + k + 4458 = 0. Is t a prime number?
True
Suppose 54 = -0*c - 3*c + 3*t, -3*c - 56 = -2*t. Let g(w) = 46*w**2 + 17*w - 19. Is g(c) a composite number?
False
Suppose 0 = c, 3*c = q - 2934 - 58235. Is q a composite number?
False
Let g(i) be the third derivative of -i**6/120 - 11*i**5/30 - i**4/3 + 31*i**3/6 - 29*i**2. Let f be g(-24). Let l = f + -522. Is l composite?
False
Suppose 0 = 45*s - 51*s + 12636. Suppose -15 = 5*v, -4*v - s + 464 = -5*b. Is b prime?
False
Let d(l) = -1060*l + 45. Let s(z) = 266*z - 11. Let p(u) = 2*d(u) + 9*s(u). Let v be (0 - -2)/(8/20). Is p(v) a composite number?
False
Let t(y) = -y**2 + 8*y - 1. Let u be t(8). Let d(b) = -3*b**3 + b**2 - b - 2. Let r be d(u). Suppose -2*l - 4*k = -1910, -k = -4*l - r*k + 3808. Is l composite?
True
Let t be (-3)/(-4) - 1/(-4). Let h(w) = 636*w**3 - w**2 - w + 1. Let s be h(t). Let y = s + -412. Is y composite?
False
Let y(w) be the third derivative of -1141*w**4/24 + 4*w**3/3 + 6*w**2 + 13. Is y(-1) a composite number?
True
Suppose 28460 + 14622 = 13*m. Let u = -13 + 22. Suppose 0 = -7*c + u*c - m. Is c a prime number?
True
Suppose -h = -2*i, 2*i - 20 = -2*h - 2. Suppose -466 = -2*b - 2*p, -3*b + h*p = 8*p - 701. Is b a prime number?
False
Let y be 4 + 20/(-9) + 2/9. Suppose -5*b = -4*m + 1503, y*m + b - 757 = -2*b. Let l = m - 154. Is l composite?
False
Let u(g) = 3 - 1 - 8*g**2 + 3*g**2 + 98*g**3 + 33*g - 102*g**3. Is u(-7) composite?
True
Let u = -95395 + 2249